{"id":4758,"date":"2020-10-02T10:04:00","date_gmt":"2020-10-02T10:04:00","guid":{"rendered":"https:\/\/www.inthewoods.at\/?page_id=4758"},"modified":"2026-03-22T15:49:40","modified_gmt":"2026-03-22T15:49:40","slug":"bestellen-sie-den-vortexer","status":"publish","type":"page","link":"https:\/\/www.inthewoods.at\/index.php\/bestellen-sie-den-vortexer\/","title":{"rendered":"Bestellen Sie den Vortex\u00e9r"},"content":{"rendered":"<div id=\"pl-4758\"  class=\"panel-layout\" ><div id=\"pg-4758-0\"  class=\"panel-grid panel-has-style\" ><div class=\"siteorigin-panels-stretch panel-row-style panel-row-style-for-4758-0\" data-stretch-type=\"full\" ><div id=\"pgc-4758-0-0\"  class=\"panel-grid-cell\" ><div id=\"panel-4758-0-0-0\" class=\"so-panel widget widget_foogallery_widget foogallery_widget panel-first-child panel-last-child\" data-index=\"0\" ><div class=\"panel-widget-style panel-widget-style-for-4758-0-0-0\" ><style type=\"text\/css\">\n#foogallery-gallery-4781 .fg-image { width: 340px; }\n#foogallery-gallery-4781 { --fg-gutter: 20px; }<\/style>\n\t\t\t<div class=\"foogallery foogallery-container foogallery-default foogallery-lightbox-foobox fg-center fg-default fg-ready fg-light fg-round-large fg-shadow-small fg-loading-pulse fg-loaded-fade-in fg-caption-hover fg-hover-fade fg-hover-eye\" id=\"foogallery-gallery-4781\" data-foogallery=\"{&quot;item&quot;:{&quot;showCaptionTitle&quot;:false,&quot;showCaptionDescription&quot;:false},&quot;lazy&quot;:true}\" style=\"--fg-title-line-clamp: 0; --fg-description-line-clamp: 0;\" >\n\t<div class=\"fg-item fg-type-image fg-idle\"><figure class=\"fg-item-inner\"><a href=\"https:\/\/www.inthewoods.at\/wp-content\/uploads\/2019\/10\/Grey-vortexer-in-the-woods.jpg\" data-attachment-id=\"5666\" data-type=\"image\" class=\"fg-thumb\"><span class=\"fg-image-wrap\"><img fetchpriority=\"high\" decoding=\"async\" width=\"340\" height=\"255\" class=\"skip-lazy fg-image\" data-src-fg=\"https:\/\/www.inthewoods.at\/wp-content\/uploads\/cache\/2019\/10\/Grey-vortexer-in-the-woods\/412404007.jpg\" src=\"data:image\/svg+xml,%3Csvg%20xmlns%3D%22http%3A%2F%2Fwww.w3.org%2F2000%2Fsvg%22%20width%3D%22340%22%20height%3D%22255%22%20viewBox%3D%220%200%20340%20255%22%3E%3C%2Fsvg%3E\" loading=\"eager\"><\/span><span class=\"fg-image-overlay\"><\/span><\/a><\/figure><div class=\"fg-loader\"><\/div><\/div><div class=\"fg-item fg-type-image fg-idle\"><figure class=\"fg-item-inner\"><a href=\"https:\/\/www.inthewoods.at\/wp-content\/uploads\/2019\/10\/Aquarius-vortexer-in-the-woods.jpg\" data-attachment-id=\"5664\" data-type=\"image\" class=\"fg-thumb\"><span class=\"fg-image-wrap\"><img decoding=\"async\" width=\"340\" height=\"255\" class=\"skip-lazy fg-image\" data-src-fg=\"https:\/\/www.inthewoods.at\/wp-content\/uploads\/cache\/2019\/10\/Aquarius-vortexer-in-the-woods\/3491810560.jpg\" src=\"data:image\/svg+xml,%3Csvg%20xmlns%3D%22http%3A%2F%2Fwww.w3.org%2F2000%2Fsvg%22%20width%3D%22340%22%20height%3D%22255%22%20viewBox%3D%220%200%20340%20255%22%3E%3C%2Fsvg%3E\" loading=\"eager\"><\/span><span class=\"fg-image-overlay\"><\/span><\/a><\/figure><div class=\"fg-loader\"><\/div><\/div><div class=\"fg-item fg-type-image fg-idle\"><figure class=\"fg-item-inner\"><a href=\"https:\/\/www.inthewoods.at\/wp-content\/uploads\/2019\/10\/Grey-top-vortexer-in-the-woods.jpg\" data-attachment-id=\"5663\" data-type=\"image\" class=\"fg-thumb\"><span class=\"fg-image-wrap\"><img decoding=\"async\" width=\"340\" height=\"255\" class=\"skip-lazy fg-image\" data-src-fg=\"https:\/\/www.inthewoods.at\/wp-content\/uploads\/cache\/2019\/10\/Grey-top-vortexer-in-the-woods\/2889989605.jpg\" src=\"data:image\/svg+xml,%3Csvg%20xmlns%3D%22http%3A%2F%2Fwww.w3.org%2F2000%2Fsvg%22%20width%3D%22340%22%20height%3D%22255%22%20viewBox%3D%220%200%20340%20255%22%3E%3C%2Fsvg%3E\" loading=\"eager\"><\/span><span class=\"fg-image-overlay\"><\/span><\/a><\/figure><div class=\"fg-loader\"><\/div><\/div><div class=\"fg-item fg-type-image fg-idle\"><figure class=\"fg-item-inner\"><a href=\"https:\/\/www.inthewoods.at\/wp-content\/uploads\/2019\/10\/Aquarius-top-vortexer-in-the-woods.jpg\" data-attachment-id=\"5665\" data-type=\"image\" class=\"fg-thumb\"><span class=\"fg-image-wrap\"><img decoding=\"async\" width=\"340\" height=\"255\" class=\"skip-lazy fg-image\" data-src-fg=\"https:\/\/www.inthewoods.at\/wp-content\/uploads\/cache\/2019\/10\/Aquarius-top-vortexer-in-the-woods\/3070314071.jpg\" src=\"data:image\/svg+xml,%3Csvg%20xmlns%3D%22http%3A%2F%2Fwww.w3.org%2F2000%2Fsvg%22%20width%3D%22340%22%20height%3D%22255%22%20viewBox%3D%220%200%20340%20255%22%3E%3C%2Fsvg%3E\" loading=\"eager\"><\/span><span class=\"fg-image-overlay\"><\/span><\/a><\/figure><div class=\"fg-loader\"><\/div><\/div><\/div>\n<\/div><\/div><\/div><div id=\"pgc-4758-0-1\"  class=\"panel-grid-cell\" ><div id=\"panel-4758-0-1-0\" class=\"so-panel widget widget_sow-editor panel-first-child\" data-index=\"1\" ><div\n\t\t\t\n\t\t\tclass=\"so-widget-sow-editor so-widget-sow-editor-base\"\n\t\t\t\n\t\t>\n<div class=\"siteorigin-widget-tinymce textwidget\">\n\t<p><strong>Bestellformular f\u00fcr Living Water Vortex\u00e9r<\/strong><\/p>\n<p><strong>Preis:<\/strong><br \/>\n* Normal: \u20ac 275,- inklusive Versand AT, DE und NL<br \/>\n* Mit Rabattcode: \u20ac 235,- inklusive Versand AT, DE und NL<br \/>\n* Hier vor Ort, in Kombination mit einem unserer Workshops = \u20ac 200,-<\/p>\n<\/div>\n<\/div><\/div><div id=\"panel-4758-0-1-1\" class=\"so-panel widget widget_sow-contact-form\" data-index=\"2\" ><div\n\t\t\t\n\t\t\tclass=\"so-widget-sow-contact-form so-widget-sow-contact-form-default-bac257315af4-4758\"\n\t\t\t\n\t\t>\t<form\n\t\taction=\"\/index.php\/wp-json\/wp\/v2\/pages\/4758\"\n\t\tmethod=\"POST\"\n\t\tclass=\"sow-contact-form\"\n\t\tid=\"contact-form-22f1\"\n\t>\n\n\t\t\n\t\t\t\t\t<div class=\"sow-form-field sow-form-field-select\">\n\t\t\t\t<label class=\"sow-form-field-label-above\" for=\"sow-contact-form-field-gewunschte-farbe-1\">\n\t\t\t\t<strong>\n\t\t\t\t\tGew\u00fcnschte Farbe\t\t\t\t\t\t\t\t\t<\/strong>\n\t\t\t<\/label>\n\t\t\t\t\t\t\t<div class=\"sow-field-container\">\n\t\t\t\t\t\t\t<select\n\t\t\tname=\"gewunschte-farbe-1\"\n\t\t\tid=\"sow-contact-form-field-gewunschte-farbe-1\"\n\t\t\taria-describedby=\"sow-contact-form-field-gewunschte-farbe-1-description\" \t\t\t\t\t>\n\t\t\t\t\t\t\t\t<option selected ><\/option>\n\t\t\t\t\t\t\t\t\t\t<option\n\t\t\t\t\t\tvalue=\"atlantikgr\u00fcn (Dies ist die Originalfarbe, die speziell f\u00fcr diesen Vortex\u00e9r ausgew\u00e4hlt wurde.)\">\n\t\t\t\t\t\tatlantikgr\u00fcn (Dies ist die Originalfarbe, die speziell f\u00fcr diesen Vortex\u00e9r ausgew\u00e4hlt wurde.)\t\t\t\t\t<\/option>\n\t\t\t\t\t\t\t\t\t<option\n\t\t\t\t\t\tvalue=\"steingrau (alternative Farbe)\">\n\t\t\t\t\t\tsteingrau (alternative Farbe)\t\t\t\t\t<\/option>\n\t\t\t\t\t\t<\/select>\n\t\t\t\t\t\t\t\t<div\n\t\t\t\t\t\t\tclass=\"sow-form-field-description\"\n\t\t\t\t\t\t\tid=\"sow-contact-form-field-gewunschte-farbe-1-description\"\n\t\t\t\t\t\t>\n\t\t\t\t\t\t\tW\u00e4hle die gew\u00fcnschte Farbe\t\t\t\t\t\t<\/div>\n\t\t\t\t\t\t\t\t\t\t<\/div>\n\t\t\t\t\t\t\t<\/div>\n\t\t\t\t\t\t<div class=\"sow-form-field sow-form-field-text\">\n\t\t\t\t<label class=\"sow-form-field-label-above\" for=\"sow-contact-form-field-rabattcode-1\">\n\t\t\t\t<strong>\n\t\t\t\t\tRabattcode\t\t\t\t\t\t\t\t\t<\/strong>\n\t\t\t<\/label>\n\t\t\t\t\t\t\t<div class=\"sow-field-container\">\n\t\t\t\t\t\t\t<input\n\t\t\ttype=\"text\"\n\t\t\tname=\"rabattcode-1\"\n\t\t\tid=\"sow-contact-form-field-rabattcode-1\"\n\t\t\tvalue=\"\"\n\t\t\tclass=\"sow-text-field\"\t\t\taria-describedby=\"sow-contact-form-field-rabattcode-1-description\" \t\t\t\t\t\/>\n\t\t\t\t\t\t\t\t<div\n\t\t\t\t\t\t\tclass=\"sow-form-field-description\"\n\t\t\t\t\t\t\tid=\"sow-contact-form-field-rabattcode-1-description\"\n\t\t\t\t\t\t>\n\t\t\t\t\t\t\tDu erh\u00e4ltst Deinen pers\u00f6nlichen Rabattcode, indem Du Dich f\u00fcr unseren Newsletter anmeldest.\t\t\t\t\t\t<\/div>\n\t\t\t\t\t\t\t\t\t\t<\/div>\n\t\t\t\t\t\t\t<\/div>\n\t\t\t\t\t\t<div class=\"sow-form-field sow-form-field-name\">\n\t\t\t\t<label class=\"sow-form-field-label-above\" for=\"sow-contact-form-field-dein-name-1\">\n\t\t\t\t<strong>\n\t\t\t\t\tDein Name\t\t\t\t\t\t\t\t\t<\/strong>\n\t\t\t<\/label>\n\t\t\t\t\t\t\t<div class=\"sow-field-container\">\n\t\t\t\t\t\t\t<input\n\t\t\ttype=\"text\"\n\t\t\tname=\"dein-name-1\"\n\t\t\tid=\"sow-contact-form-field-dein-name-1\"\n\t\t\tvalue=\"\"\n\t\t\tclass=\"sow-text-field\"\n\t\t\t\t\t\taria-describedby=\"sow-contact-form-field-dein-name-1-description\" \t\t\/>\n\t\t\t\t\t\t\t\t<div\n\t\t\t\t\t\t\tclass=\"sow-form-field-description\"\n\t\t\t\t\t\t\tid=\"sow-contact-form-field-dein-name-1-description\"\n\t\t\t\t\t\t>\n\t\t\t\t\t\t\tDein Vor- und Nachname\t\t\t\t\t\t<\/div>\n\t\t\t\t\t\t\t\t\t\t<\/div>\n\t\t\t\t\t\t\t<\/div>\n\t\t\t\t\t\t<div class=\"sow-form-field sow-form-field-text\">\n\t\t\t\t<label class=\"sow-form-field-label-above\" for=\"sow-contact-form-field-deine-adresse-1\">\n\t\t\t\t<strong>\n\t\t\t\t\tDeine Adresse\t\t\t\t\t\t\t\t\t<\/strong>\n\t\t\t<\/label>\n\t\t\t\t\t\t\t<div class=\"sow-field-container\">\n\t\t\t\t\t\t\t<input\n\t\t\ttype=\"text\"\n\t\t\tname=\"deine-adresse-1\"\n\t\t\tid=\"sow-contact-form-field-deine-adresse-1\"\n\t\t\tvalue=\"\"\n\t\t\tclass=\"sow-text-field\"\t\t\taria-describedby=\"sow-contact-form-field-deine-adresse-1-description\" \t\t\t\t\t\/>\n\t\t\t\t\t\t\t\t<div\n\t\t\t\t\t\t\tclass=\"sow-form-field-description\"\n\t\t\t\t\t\t\tid=\"sow-contact-form-field-deine-adresse-1-description\"\n\t\t\t\t\t\t>\n\t\t\t\t\t\t\tDeine Adresse: Stra\u00dfe, Hausnummer, Postleitzahl, Stadt, Land\t\t\t\t\t\t<\/div>\n\t\t\t\t\t\t\t\t\t\t<\/div>\n\t\t\t\t\t\t\t<\/div>\n\t\t\t\t\t\t<div class=\"sow-form-field sow-form-field-email\">\n\t\t\t\t<label class=\"sow-form-field-label-above\" for=\"sow-contact-form-field-dein-email-1\">\n\t\t\t\t<strong>\n\t\t\t\t\tDein Email\t\t\t\t\t\t\t\t\t<\/strong>\n\t\t\t<\/label>\n\t\t\t\t\t\t\t<div class=\"sow-field-container\">\n\t\t\t\t\t\t\t<input\n\t\t\ttype=\"email\"\n\t\t\tname=\"dein-email-1\"\n\t\t\tid=\"sow-contact-form-field-dein-email-1\"\n\t\t\tvalue=\"\"\n\t\t\tclass=\"sow-text-field\"\t\t\taria-describedby=\"sow-contact-form-field-dein-email-1-description\" \t\t\t\t\t\/>\n\t\t\t\t\t\t\t\t<div\n\t\t\t\t\t\t\tclass=\"sow-form-field-description\"\n\t\t\t\t\t\t\tid=\"sow-contact-form-field-dein-email-1-description\"\n\t\t\t\t\t\t>\n\t\t\t\t\t\t\tDie Email-Adresse mit der wir Dich kontaktieren k\u00f6nnen\t\t\t\t\t\t<\/div>\n\t\t\t\t\t\t\t\t\t\t<\/div>\n\t\t\t\t\t\t\t<\/div>\n\t\t\t\t\t\t<div class=\"sow-form-field sow-form-field-textarea\">\n\t\t\t\t<label class=\"sow-form-field-label-above\" for=\"sow-contact-form-field-wie-hast-du-vom-vortexer-erfahren-1\">\n\t\t\t\t<strong>\n\t\t\t\t\tWie hast Du vom Vortex\u00e9r erfahren?\t\t\t\t\t\t\t\t\t<\/strong>\n\t\t\t<\/label>\n\t\t\t\t\t\t\t<div class=\"sow-field-container\">\n\t\t\t\t\t\t\t<textarea\n\t\t\tname=\"wie-hast-du-vom-vortexer-erfahren-1\"\n\t\t\tid=\"sow-contact-form-field-wie-hast-du-vom-vortexer-erfahren-1\"\n\t\t\trows=\"10\"\n\t\t\t\t\t\t\t\t><\/textarea>\n\t\t\t\t\t\t<\/div>\n\t\t\t\t\t\t\t<\/div>\n\t\t\t\n\t\t\t\t\t<div class=\"sow-recaptcha\"\n\t\t\t\t\t\t\t\t\tdata-config=\"{&quot;sitekey&quot;:&quot;6LdTL0wUAAAAAAqppxNvdyKPOpFRbASVZ73yU2iO&quot;,&quot;theme&quot;:&quot;light&quot;,&quot;type&quot;:&quot;image&quot;,&quot;size&quot;:&quot;normal&quot;}\"\n\t\t\t\t\t\t\t><\/div>\n\t\t\t\n\t\t<div class=\"sow-submit-wrapper \n\t\tsow-submit-styled\t\t\">\n\n\t\t\t<button\n\t\t\t\ttype=\"submit\"\n\t\t\t\tclass=\"sow-submit\n\t\t\t\t\t\t\t\t\"\n\t\t\t\t\t\t\t>\n\t\t\t\tsenden\t\t\t<\/button>\n\t\t<\/div>\n\t\t\t\t<input\n\t\t\ttype=\"hidden\"\n\t\t\tname=\"instance_hash-1\"\n\t\t\tvalue=\"22f1ca10\"\n\t\t\/>\n\n\t\t<input type=\"hidden\" id=\"_wpnonce\" name=\"_wpnonce\" value=\"738db1d776\" \/><input type=\"hidden\" name=\"_wp_http_referer\" value=\"\/index.php\/wp-json\/wp\/v2\/pages\/4758\" \/>\t<\/form>\n\t<\/div><\/div><div id=\"panel-4758-0-1-2\" class=\"so-panel widget widget_sow-editor panel-last-child\" data-index=\"3\" ><div\n\t\t\t\n\t\t\tclass=\"so-widget-sow-editor so-widget-sow-editor-base\"\n\t\t\t\n\t\t>\n<div class=\"siteorigin-widget-tinymce textwidget\">\n\t<p>Durch \"Senden\" stimmst Du der Verwendung Deiner Daten zur Beantwortung Deiner Anfrage und zum Senden des Living Water Vortex\u00e9rs. Deine Daten werden nicht gespeichert. Weitere Informationen enth\u00e4lt die <a href=\"https:\/\/www.inthewoods.at\/?page_id=1936&amp;lang=de\">Datenschutzerkl\u00e4rung<\/a>.<\/p>\n<\/div>\n<\/div><\/div><\/div><\/div><\/div><\/div>","protected":false},"excerpt":{"rendered":"<p>Bestellformular f\u00fcr Living Water Vortex\u00e9r Preis: * Normal: \u20ac 275,- inklusive Versand AT, DE und NL * Mit Rabattcode: \u20ac 235,- inklusive Versand AT, DE und NL * Hier vor Ort, in Kombination mit einem unserer Workshops = \u20ac 200,- Durch &#8220;Senden&#8221; stimmst Du der Verwendung Deiner Daten zur Beantwortung Deiner Anfrage und zum Senden [&hellip;]<\/p>\n","protected":false},"author":2,"featured_media":0,"parent":0,"menu_order":0,"comment_status":"closed","ping_status":"closed","template":"","meta":{"_mc_calendar":[],"footnotes":""},"class_list":["post-4758","page","type-page","status-publish","hentry","post"],"_links":{"self":[{"href":"https:\/\/www.inthewoods.at\/index.php\/wp-json\/wp\/v2\/pages\/4758","targetHints":{"allow":["GET"]}}],"collection":[{"href":"https:\/\/www.inthewoods.at\/index.php\/wp-json\/wp\/v2\/pages"}],"about":[{"href":"https:\/\/www.inthewoods.at\/index.php\/wp-json\/wp\/v2\/types\/page"}],"author":[{"embeddable":true,"href":"https:\/\/www.inthewoods.at\/index.php\/wp-json\/wp\/v2\/users\/2"}],"replies":[{"embeddable":true,"href":"https:\/\/www.inthewoods.at\/index.php\/wp-json\/wp\/v2\/comments?post=4758"}],"version-history":[{"count":114,"href":"https:\/\/www.inthewoods.at\/index.php\/wp-json\/wp\/v2\/pages\/4758\/revisions"}],"predecessor-version":[{"id":6918,"href":"https:\/\/www.inthewoods.at\/index.php\/wp-json\/wp\/v2\/pages\/4758\/revisions\/6918"}],"wp:attachment":[{"href":"https:\/\/www.inthewoods.at\/index.php\/wp-json\/wp\/v2\/media?parent=4758"}],"curies":[{"name":"wp","href":"https:\/\/api.w.org\/{rel}","templated":true}]}}