{"id":18,"date":"2018-02-04T15:07:47","date_gmt":"2018-02-04T15:07:47","guid":{"rendered":"https:\/\/inthewoods.at\/?page_id=18"},"modified":"2025-03-25T17:38:31","modified_gmt":"2025-03-25T17:38:31","slug":"who","status":"publish","type":"page","link":"https:\/\/www.inthewoods.at\/index.php\/who\/","title":{"rendered":"wer"},"content":{"rendered":"<div id=\"pl-18\"  class=\"panel-layout\" ><div id=\"pg-18-0\"  class=\"panel-grid panel-no-style\" ><div id=\"pgc-18-0-0\"  class=\"panel-grid-cell\" ><div id=\"panel-18-0-0-0\" class=\"so-panel widget widget_foogallery_widget foogallery_widget panel-first-child panel-last-child\" data-index=\"0\" ><div class=\"panel-widget-style panel-widget-style-for-18-0-0-0\" ><style type=\"text\/css\">\n#foogallery-gallery-1652 .fg-image { width: 340px; }\n#foogallery-gallery-1652 { --fg-gutter: 20px; }<\/style>\n\t\t\t<div class=\"foogallery foogallery-container foogallery-default foogallery-lightbox-foobox fg-center fg-default fg-ready fg-light fg-round-large fg-shadow-small fg-loading-pulse fg-loaded-fade-in fg-caption-hover fg-hover-fade fg-hover-eye\" id=\"foogallery-gallery-1652\" data-foogallery=\"{&quot;item&quot;:{&quot;showCaptionTitle&quot;:false,&quot;showCaptionDescription&quot;:false},&quot;lazy&quot;:true}\" style=\"--fg-title-line-clamp: 0; --fg-description-line-clamp: 0;\" >\n\t<div class=\"fg-item fg-type-image fg-idle\"><figure class=\"fg-item-inner\"><a href=\"https:\/\/www.inthewoods.at\/wp-content\/uploads\/2019\/08\/Hayo.jpg\" data-caption-title=\"Hayo Stam\" data-caption-desc=\"Hayo Stam\" data-attachment-id=\"3402\" data-type=\"image\" class=\"fg-thumb\"><span class=\"fg-image-wrap\"><img fetchpriority=\"high\" decoding=\"async\" title=\"Hayo Stam\" width=\"340\" height=\"440\" class=\"skip-lazy fg-image\" data-src-fg=\"https:\/\/www.inthewoods.at\/wp-content\/uploads\/cache\/2019\/08\/Hayo\/439456535.jpg\" src=\"data:image\/svg+xml,%3Csvg%20xmlns%3D%22http%3A%2F%2Fwww.w3.org%2F2000%2Fsvg%22%20width%3D%22340%22%20height%3D%22440%22%20viewBox%3D%220%200%20340%20440%22%3E%3C%2Fsvg%3E\" loading=\"eager\"><\/span><span class=\"fg-image-overlay\"><\/span><\/a><\/figure><div class=\"fg-loader\"><\/div><\/div><\/div>\n<\/div><\/div><\/div><div id=\"pgc-18-0-1\"  class=\"panel-grid-cell\" ><div id=\"panel-18-0-1-0\" class=\"so-panel widget widget_sow-editor panel-first-child panel-last-child\" data-index=\"1\" ><div\n\t\t\t\n\t\t\tclass=\"so-widget-sow-editor so-widget-sow-editor-base\"\n\t\t\t\n\t\t>\n<div class=\"siteorigin-widget-tinymce textwidget\">\n\t<h1><strong>Hayo Stam<\/strong><\/h1>\n<blockquote>\n<p><em>7 April 1972<br \/>\n<\/em><em>Maschinenbauingenieur und Platzh\u00fcter<br \/>\nHost in the woods<\/em><\/p>\n<\/blockquote>\n<p>Nachdem ich 2010 an einem Stille Retreat teilnahm, hat mich das Leben an diesen Ort, an dem ich jetzt lebe und arbeite, gef\u00fchrt. Die urspr\u00fcngliche Idee war, diesen Ort f\u00fcr Stille Retreats zu \u00f6ffnen. Inzwischen fanden viele verschiedene Retreats, Seminare, Klausuren und Feste hier statt. Seit dem freue ich mich mit zu erleben, welch sch\u00f6ne Begegnungen (zwischenmenschlich wie mit sich selbst) hier stattfinden und wie der Platz hier auf Menschen wirkt. Mit Liebe gestalte ich in the woods f\u00fcr diese M\u00f6glichkeiten.<\/p>\n<p><a href=\"https:\/\/www.inthewoods.at\/?page_id=449&amp;lang=de\" rel=\"noopener\"><span style=\"color: #799c53;\">\u2022 mehr \u00fcber Hayo's Maschinenbauarbeit erfahren \u2022<\/span><\/a><\/p>\n<\/div>\n<\/div><\/div><\/div><\/div><div id=\"pg-18-1\"  class=\"panel-grid panel-no-style\" ><div id=\"pgc-18-1-0\"  class=\"panel-grid-cell\" ><div id=\"panel-18-1-0-0\" class=\"so-panel widget widget_foogallery_widget foogallery_widget panel-first-child panel-last-child\" data-index=\"2\" ><div class=\"panel-widget-style panel-widget-style-for-18-1-0-0\" ><style type=\"text\/css\">\n#foogallery-gallery-1933 .fg-image { width: 340px; }\n#foogallery-gallery-1933 { --fg-gutter: 20px; }<\/style>\n\t\t\t<div class=\"foogallery foogallery-container foogallery-default foogallery-lightbox-foobox fg-center fg-default fg-ready fg-light fg-round-large fg-shadow-small fg-loading-pulse fg-loaded-fade-in fg-hover-fade fg-hover-zoom\" id=\"foogallery-gallery-1933\" data-foogallery=\"{&quot;item&quot;:{&quot;showCaptionTitle&quot;:false,&quot;showCaptionDescription&quot;:false},&quot;lazy&quot;:true}\" style=\"--fg-title-line-clamp: 0; --fg-description-line-clamp: 0;\" >\n\t<div class=\"fg-item fg-type-image fg-idle\"><figure class=\"fg-item-inner\"><a href=\"https:\/\/www.inthewoods.at\/wp-content\/uploads\/2018\/05\/Silvia-Weissengruber.jpg\" data-attachment-id=\"6472\" data-type=\"image\" class=\"fg-thumb\"><span class=\"fg-image-wrap\"><img decoding=\"async\" width=\"340\" height=\"440\" class=\"skip-lazy fg-image\" data-src-fg=\"https:\/\/www.inthewoods.at\/wp-content\/uploads\/cache\/2018\/05\/Silvia-Weissengruber\/4071480507.jpg\" src=\"data:image\/svg+xml,%3Csvg%20xmlns%3D%22http%3A%2F%2Fwww.w3.org%2F2000%2Fsvg%22%20width%3D%22340%22%20height%3D%22440%22%20viewBox%3D%220%200%20340%20440%22%3E%3C%2Fsvg%3E\" loading=\"eager\"><\/span><span class=\"fg-image-overlay\"><\/span><\/a><\/figure><div class=\"fg-loader\"><\/div><\/div><\/div>\n<\/div><\/div><\/div><div id=\"pgc-18-1-1\"  class=\"panel-grid-cell\" ><div id=\"panel-18-1-1-0\" class=\"so-panel widget widget_sow-editor panel-first-child panel-last-child\" data-index=\"3\" ><div\n\t\t\t\n\t\t\tclass=\"so-widget-sow-editor so-widget-sow-editor-base\"\n\t\t\t\n\t\t>\n<div class=\"siteorigin-widget-tinymce textwidget\">\n\t<h1><strong>Silvia Wei\u00dfengruber<\/strong><\/h1>\n<blockquote>\n<p><em>26. Juli 1983<br \/>\nKulturwissenschaftlerin und Naturmentorin<br \/>\nSupport in the woods<\/em><\/p>\n<\/blockquote>\n<p>Schon als Kind besch\u00e4ftigte ich mich mit Naturverbindung und \u00d6kologie. So studierte ich Kulturwissenschaften mit Global Studies, war als Hirtin und Wirtin t\u00e4tig und engagierte mich bei gesellschaftspolitischen Projekten. Alles in allem m\u00fcndete darin, dass ich nun als Natur- und Pferdementorin t\u00e4tig bin. Seit M\u00e4rz 2025 darf ich zus\u00e4tzlich hier in the woods mitwirken. Damit geht f\u00fcr mich der Traum in Erf\u00fcllung Land, Wald sowie Wasser zu h\u00fcten und dabei im bestm\u00f6glichen Austausch mit allen hier lebenden Wesen zu sein. Als Platzh\u00fcterin freut es mich Menschen an diesem besonderen Ort eine ber\u00fchrende und bewegte Zeit zu erm\u00f6glichen.<\/p>\n<p>Auf Anfrage biete ich gerne ein Natur- und Wildnisprogramm und auch Geschichtenerz\u00e4hlen passend zu eurem Seminarthema in the woods an.<\/p>\n<\/div>\n<\/div><\/div><\/div><\/div><div id=\"pg-18-2\"  class=\"panel-grid panel-no-style\" ><div id=\"pgc-18-2-0\"  class=\"panel-grid-cell\" ><div id=\"panel-18-2-0-0\" class=\"so-panel widget widget_foogallery_widget foogallery_widget panel-first-child panel-last-child\" data-index=\"4\" ><div class=\"panel-widget-style panel-widget-style-for-18-2-0-0\" ><style type=\"text\/css\">\n#foogallery-gallery-5892 .fg-image { width: 340px; }\n#foogallery-gallery-5892 { --fg-gutter: 10px; }<\/style>\n\t\t\t<div class=\"foogallery foogallery-container foogallery-default foogallery-lightbox-foobox fg-center fg-default fg-ready fg-light fg-round-large fg-shadow-outline fg-loading-pulse fg-loaded-fade-in fg-caption-hover fg-hover-fade fg-hover-eye\" id=\"foogallery-gallery-5892\" data-foogallery=\"{&quot;item&quot;:{&quot;showCaptionTitle&quot;:false,&quot;showCaptionDescription&quot;:false},&quot;lazy&quot;:true}\" style=\"--fg-title-line-clamp: 0; --fg-description-line-clamp: 0;\" >\n\t<div class=\"fg-item fg-type-image fg-idle\"><figure class=\"fg-item-inner\"><a href=\"https:\/\/www.inthewoods.at\/wp-content\/uploads\/2022\/01\/Mala-entspant.jpeg\" data-attachment-id=\"6416\" data-type=\"image\" class=\"fg-thumb\"><span class=\"fg-image-wrap\"><img decoding=\"async\" width=\"340\" height=\"190\" class=\"skip-lazy fg-image\" data-src-fg=\"https:\/\/www.inthewoods.at\/wp-content\/uploads\/cache\/2022\/01\/Mala-entspant\/4104223645.jpeg\" src=\"data:image\/svg+xml,%3Csvg%20xmlns%3D%22http%3A%2F%2Fwww.w3.org%2F2000%2Fsvg%22%20width%3D%22340%22%20height%3D%22190%22%20viewBox%3D%220%200%20340%20190%22%3E%3C%2Fsvg%3E\" loading=\"eager\"><\/span><span class=\"fg-image-overlay\"><\/span><\/a><\/figure><div class=\"fg-loader\"><\/div><\/div><div class=\"fg-item fg-type-image fg-idle\"><figure class=\"fg-item-inner\"><a href=\"https:\/\/www.inthewoods.at\/wp-content\/uploads\/2022\/01\/Mira-entspant.jpeg\" data-attachment-id=\"6415\" data-type=\"image\" class=\"fg-thumb\"><span class=\"fg-image-wrap\"><img decoding=\"async\" width=\"340\" height=\"190\" class=\"skip-lazy fg-image\" data-src-fg=\"https:\/\/www.inthewoods.at\/wp-content\/uploads\/cache\/2022\/01\/Mira-entspant\/2055355208.jpeg\" src=\"data:image\/svg+xml,%3Csvg%20xmlns%3D%22http%3A%2F%2Fwww.w3.org%2F2000%2Fsvg%22%20width%3D%22340%22%20height%3D%22190%22%20viewBox%3D%220%200%20340%20190%22%3E%3C%2Fsvg%3E\" loading=\"eager\"><\/span><span class=\"fg-image-overlay\"><\/span><\/a><\/figure><div class=\"fg-loader\"><\/div><\/div><\/div>\n<\/div><\/div><\/div><div id=\"pgc-18-2-1\"  class=\"panel-grid-cell\" ><div id=\"panel-18-2-1-0\" class=\"so-panel widget widget_sow-editor panel-first-child panel-last-child\" data-index=\"5\" ><div\n\t\t\t\n\t\t\tclass=\"so-widget-sow-editor so-widget-sow-editor-base\"\n\t\t\t\n\t\t>\n<div class=\"siteorigin-widget-tinymce textwidget\">\n\t<h1><strong>Mala und Mira<\/strong><\/h1>\n<blockquote>\n<p><em>Mai 2022<br \/>\nGenussexpertinnen und M\u00e4usef\u00e4ngerinnen<br \/>\nSoul-attenders in the woods<\/em><\/p>\n<\/blockquote>\n<div class=\"panel-widget-style panel-widget-style-for-4687-0-1-0\">\n<div class=\"so-widget-sow-editor so-widget-sow-editor-base\">\n<div class=\"siteorigin-widget-tinymce textwidget\">\n<div class=\"siteorigin-widget-tinymce textwidget\">\n<p class=\"p1\">Das sind Mala (die hellgraue) und Mira (die dunkelgraue), sie wohnen mit uns \"in the woods\".<\/p>\n<p>So entspannt wie auf den Fotos sind die beiden gerne in ihrem Zuhause. Unsere Erfahrung hat uns gelehrt, dass das mit Hunden nicht gut geht.<\/p>\n<p>Deswegen bitten wir euch eure lieben Hunde nicht mitzubringen.<\/p>\n<p>Herzlichen Dank von Mala, Mira und Hayo<\/p>\n<\/div>\n<\/div>\n<\/div>\n<\/div>\n<\/div>\n<\/div><\/div><\/div><\/div><\/div>","protected":false},"excerpt":{"rendered":"<p>Hayo Stam 7 April 1972 Maschinenbauingenieur und Platzh\u00fcter Host in the woods Nachdem ich 2010 an einem Stille Retreat teilnahm, hat mich das Leben an diesen Ort, an dem ich jetzt lebe und arbeite, gef\u00fchrt. Die urspr\u00fcngliche Idee war, diesen Ort f\u00fcr Stille Retreats zu \u00f6ffnen. Inzwischen fanden viele verschiedene Retreats, Seminare, Klausuren und Feste [&hellip;]<\/p>\n","protected":false},"author":2,"featured_media":0,"parent":0,"menu_order":0,"comment_status":"closed","ping_status":"closed","template":"","meta":{"_mc_calendar":[],"footnotes":""},"class_list":["post-18","page","type-page","status-publish","hentry","post"],"_links":{"self":[{"href":"https:\/\/www.inthewoods.at\/index.php\/wp-json\/wp\/v2\/pages\/18","targetHints":{"allow":["GET"]}}],"collection":[{"href":"https:\/\/www.inthewoods.at\/index.php\/wp-json\/wp\/v2\/pages"}],"about":[{"href":"https:\/\/www.inthewoods.at\/index.php\/wp-json\/wp\/v2\/types\/page"}],"author":[{"embeddable":true,"href":"https:\/\/www.inthewoods.at\/index.php\/wp-json\/wp\/v2\/users\/2"}],"replies":[{"embeddable":true,"href":"https:\/\/www.inthewoods.at\/index.php\/wp-json\/wp\/v2\/comments?post=18"}],"version-history":[{"count":153,"href":"https:\/\/www.inthewoods.at\/index.php\/wp-json\/wp\/v2\/pages\/18\/revisions"}],"predecessor-version":[{"id":6486,"href":"https:\/\/www.inthewoods.at\/index.php\/wp-json\/wp\/v2\/pages\/18\/revisions\/6486"}],"wp:attachment":[{"href":"https:\/\/www.inthewoods.at\/index.php\/wp-json\/wp\/v2\/media?parent=18"}],"curies":[{"name":"wp","href":"https:\/\/api.w.org\/{rel}","templated":true}]}}

<div id="pl-18"  class="panel-layout" ><div id="pg-18-0"  class="panel-grid panel-no-style" ><div id="pgc-18-0-0"  class="panel-grid-cell" ><div id="panel-18-0-0-0" class="so-panel widget widget_foogallery_widget foogallery_widget panel-first-child panel-last-child" data-index="0" ><div class="panel-widget-style panel-widget-style-for-18-0-0-0" ><style type="text/css">
#foogallery-gallery-1652 .fg-image { width: 340px; }
#foogallery-gallery-1652 { --fg-gutter: 20px; }</style>
			<div class="foogallery foogallery-container foogallery-default foogallery-lightbox-foobox fg-center fg-default fg-ready fg-light fg-round-large fg-shadow-small fg-loading-pulse fg-loaded-fade-in fg-caption-hover fg-hover-fade fg-hover-eye" id="foogallery-gallery-1652" data-foogallery="{&quot;item&quot;:{&quot;showCaptionTitle&quot;:false,&quot;showCaptionDescription&quot;:false},&quot;lazy&quot;:true}" style="--fg-title-line-clamp: 0; --fg-description-line-clamp: 0;" >
	<div class="fg-item fg-type-image fg-idle"><figure class="fg-item-inner"><a href="https://www.inthewoods.at/wp-content/uploads/2019/08/Hayo.jpg" data-caption-title="Hayo Stam" data-caption-desc="Hayo Stam" data-attachment-id="3402" data-type="image" class="fg-thumb"><span class="fg-image-wrap"><img fetchpriority="high" decoding="async" title="Hayo Stam" width="340" height="440" class="skip-lazy fg-image" data-src-fg="https://www.inthewoods.at/wp-content/uploads/cache/2019/08/Hayo/439456535.jpg" src="data:image/svg+xml,%3Csvg%20xmlns%3D%22http%3A%2F%2Fwww.w3.org%2F2000%2Fsvg%22%20width%3D%22340%22%20height%3D%22440%22%20viewBox%3D%220%200%20340%20440%22%3E%3C%2Fsvg%3E" loading="eager"></span><span class="fg-image-overlay"></span></a></figure><div class="fg-loader"></div></div></div>
</div></div></div><div id="pgc-18-0-1"  class="panel-grid-cell" ><div id="panel-18-0-1-0" class="so-panel widget widget_sow-editor panel-first-child panel-last-child" data-index="1" ><div
			
			class="so-widget-sow-editor so-widget-sow-editor-base"
			
		>
<div class="siteorigin-widget-tinymce textwidget">
	<h1><strong>Hayo Stam</strong></h1>
<blockquote>
<p><em>7 April 1972<br />
</em><em>Maschinenbauingenieur und Platzhüter<br />
Host in the woods</em></p>
</blockquote>
<p>Nachdem ich 2010 an einem Stille Retreat teilnahm, hat mich das Leben an diesen Ort, an dem ich jetzt lebe und arbeite, geführt. Die ursprüngliche Idee war, diesen Ort für Stille Retreats zu öffnen. Inzwischen fanden viele verschiedene Retreats, Seminare, Klausuren und Feste hier statt. Seit dem freue ich mich mit zu erleben, welch schöne Begegnungen (zwischenmenschlich wie mit sich selbst) hier stattfinden und wie der Platz hier auf Menschen wirkt. Mit Liebe gestalte ich in the woods für diese Möglichkeiten.</p>
<p><a href="https://www.inthewoods.at/?page_id=449&amp;lang=de" rel="noopener"><span style="color: #799c53;">• mehr über Hayo's Maschinenbauarbeit erfahren •</span></a></p>
</div>
</div></div></div></div><div id="pg-18-1"  class="panel-grid panel-no-style" ><div id="pgc-18-1-0"  class="panel-grid-cell" ><div id="panel-18-1-0-0" class="so-panel widget widget_foogallery_widget foogallery_widget panel-first-child panel-last-child" data-index="2" ><div class="panel-widget-style panel-widget-style-for-18-1-0-0" ><style type="text/css">
#foogallery-gallery-1933 .fg-image { width: 340px; }
#foogallery-gallery-1933 { --fg-gutter: 20px; }</style>
			<div class="foogallery foogallery-container foogallery-default foogallery-lightbox-foobox fg-center fg-default fg-ready fg-light fg-round-large fg-shadow-small fg-loading-pulse fg-loaded-fade-in fg-hover-fade fg-hover-zoom" id="foogallery-gallery-1933" data-foogallery="{&quot;item&quot;:{&quot;showCaptionTitle&quot;:false,&quot;showCaptionDescription&quot;:false},&quot;lazy&quot;:true}" style="--fg-title-line-clamp: 0; --fg-description-line-clamp: 0;" >
	<div class="fg-item fg-type-image fg-idle"><figure class="fg-item-inner"><a href="https://www.inthewoods.at/wp-content/uploads/2018/05/Silvia-Weissengruber.jpg" data-attachment-id="6472" data-type="image" class="fg-thumb"><span class="fg-image-wrap"><img decoding="async" width="340" height="440" class="skip-lazy fg-image" data-src-fg="https://www.inthewoods.at/wp-content/uploads/cache/2018/05/Silvia-Weissengruber/4071480507.jpg" src="data:image/svg+xml,%3Csvg%20xmlns%3D%22http%3A%2F%2Fwww.w3.org%2F2000%2Fsvg%22%20width%3D%22340%22%20height%3D%22440%22%20viewBox%3D%220%200%20340%20440%22%3E%3C%2Fsvg%3E" loading="eager"></span><span class="fg-image-overlay"></span></a></figure><div class="fg-loader"></div></div></div>
</div></div></div><div id="pgc-18-1-1"  class="panel-grid-cell" ><div id="panel-18-1-1-0" class="so-panel widget widget_sow-editor panel-first-child panel-last-child" data-index="3" ><div
			
			class="so-widget-sow-editor so-widget-sow-editor-base"
			
		>
<div class="siteorigin-widget-tinymce textwidget">
	<h1><strong>Silvia Weißengruber</strong></h1>
<blockquote>
<p><em>26. Juli 1983<br />
Kulturwissenschaftlerin und Naturmentorin<br />
Support in the woods</em></p>
</blockquote>
<p>Schon als Kind beschäftigte ich mich mit Naturverbindung und Ökologie. So studierte ich Kulturwissenschaften mit Global Studies, war als Hirtin und Wirtin tätig und engagierte mich bei gesellschaftspolitischen Projekten. Alles in allem mündete darin, dass ich nun als Natur- und Pferdementorin tätig bin. Seit März 2025 darf ich zusätzlich hier in the woods mitwirken. Damit geht für mich der Traum in Erfüllung Land, Wald sowie Wasser zu hüten und dabei im bestmöglichen Austausch mit allen hier lebenden Wesen zu sein. Als Platzhüterin freut es mich Menschen an diesem besonderen Ort eine berührende und bewegte Zeit zu ermöglichen.</p>
<p>Auf Anfrage biete ich gerne ein Natur- und Wildnisprogramm und auch Geschichtenerzählen passend zu eurem Seminarthema in the woods an.</p>
</div>
</div></div></div></div><div id="pg-18-2"  class="panel-grid panel-no-style" ><div id="pgc-18-2-0"  class="panel-grid-cell" ><div id="panel-18-2-0-0" class="so-panel widget widget_foogallery_widget foogallery_widget panel-first-child panel-last-child" data-index="4" ><div class="panel-widget-style panel-widget-style-for-18-2-0-0" ><style type="text/css">
#foogallery-gallery-5892 .fg-image { width: 340px; }
#foogallery-gallery-5892 { --fg-gutter: 10px; }</style>
			<div class="foogallery foogallery-container foogallery-default foogallery-lightbox-foobox fg-center fg-default fg-ready fg-light fg-round-large fg-shadow-outline fg-loading-pulse fg-loaded-fade-in fg-caption-hover fg-hover-fade fg-hover-eye" id="foogallery-gallery-5892" data-foogallery="{&quot;item&quot;:{&quot;showCaptionTitle&quot;:false,&quot;showCaptionDescription&quot;:false},&quot;lazy&quot;:true}" style="--fg-title-line-clamp: 0; --fg-description-line-clamp: 0;" >
	<div class="fg-item fg-type-image fg-idle"><figure class="fg-item-inner"><a href="https://www.inthewoods.at/wp-content/uploads/2022/01/Mala-entspant.jpeg" data-attachment-id="6416" data-type="image" class="fg-thumb"><span class="fg-image-wrap"><img decoding="async" width="340" height="190" class="skip-lazy fg-image" data-src-fg="https://www.inthewoods.at/wp-content/uploads/cache/2022/01/Mala-entspant/4104223645.jpeg" src="data:image/svg+xml,%3Csvg%20xmlns%3D%22http%3A%2F%2Fwww.w3.org%2F2000%2Fsvg%22%20width%3D%22340%22%20height%3D%22190%22%20viewBox%3D%220%200%20340%20190%22%3E%3C%2Fsvg%3E" loading="eager"></span><span class="fg-image-overlay"></span></a></figure><div class="fg-loader"></div></div><div class="fg-item fg-type-image fg-idle"><figure class="fg-item-inner"><a href="https://www.inthewoods.at/wp-content/uploads/2022/01/Mira-entspant.jpeg" data-attachment-id="6415" data-type="image" class="fg-thumb"><span class="fg-image-wrap"><img decoding="async" width="340" height="190" class="skip-lazy fg-image" data-src-fg="https://www.inthewoods.at/wp-content/uploads/cache/2022/01/Mira-entspant/2055355208.jpeg" src="data:image/svg+xml,%3Csvg%20xmlns%3D%22http%3A%2F%2Fwww.w3.org%2F2000%2Fsvg%22%20width%3D%22340%22%20height%3D%22190%22%20viewBox%3D%220%200%20340%20190%22%3E%3C%2Fsvg%3E" loading="eager"></span><span class="fg-image-overlay"></span></a></figure><div class="fg-loader"></div></div></div>
</div></div></div><div id="pgc-18-2-1"  class="panel-grid-cell" ><div id="panel-18-2-1-0" class="so-panel widget widget_sow-editor panel-first-child panel-last-child" data-index="5" ><div
			
			class="so-widget-sow-editor so-widget-sow-editor-base"
			
		>
<div class="siteorigin-widget-tinymce textwidget">
	<h1><strong>Mala und Mira</strong></h1>
<blockquote>
<p><em>Mai 2022<br />
Genussexpertinnen und Mäusefängerinnen<br />
Soul-attenders in the woods</em></p>
</blockquote>
<div class="panel-widget-style panel-widget-style-for-4687-0-1-0">
<div class="so-widget-sow-editor so-widget-sow-editor-base">
<div class="siteorigin-widget-tinymce textwidget">
<div class="siteorigin-widget-tinymce textwidget">
<p class="p1">Das sind Mala (die hellgraue) und Mira (die dunkelgraue), sie wohnen mit uns "in the woods".</p>
<p>So entspannt wie auf den Fotos sind die beiden gerne in ihrem Zuhause. Unsere Erfahrung hat uns gelehrt, dass das mit Hunden nicht gut geht.</p>
<p>Deswegen bitten wir euch eure lieben Hunde nicht mitzubringen.</p>
<p>Herzlichen Dank von Mala, Mira und Hayo</p>
</div>
</div>
</div>
</div>
</div>
</div></div></div></div></div>

<p>Hayo Stam 7 April 1972 Maschinenbauingenieur und Platzhüter Host in the woods Nachdem ich 2010 an einem Stille Retreat teilnahm, hat mich das Leben an diesen Ort, an dem ich jetzt lebe und arbeite, geführt. Die ursprüngliche Idee war, diesen Ort für Stille Retreats zu öffnen. Inzwischen fanden viele verschiedene Retreats, Seminare, Klausuren und Feste [&hellip;]</p>
